 base 7
-3021
Convert -60122 (base 8) to base 6.
-310054
-2c1 (base 13) to base 12
-353
What is 1971 (base 15) in base 14?
2014
237 (base 13) to base 3
112020
What is 11011001110 (base 2) in base 7?
5036
Convert -11532 (base 7) to base 5.
-44022
-100101010011 (base 2) to base 13
-1118
Convert 45535 (base 6) to base 8.
14503
What is -5136 (base 11) in base 10?
-6815
Convert 10300 (base 6) to base 15.
639
-896 (base 11) to base 14
-569
10033 (base 5) to base 14
33d
What is -3525 (base 7) in base 4?
-110031
-5069 (base 10) to base 2
-1001111001101
What is -2454 (base 10) in base 2?
-100110010110
3362 (base 8) to base 3
2102212
What is 187 (base 11) in base 6?
1000
-41152 (base 7) to base 10
-10033
23555 (base 7) to base 3
22101112
What is 1050 (base 10) in base 13?
62a
Convert -1850 (base 9) to base 11.
-1083
What is -11011222 (base 3) in base 12?
-1922
11121 (base 5) to base 12
556
Convert 302301 (base 4) to base 5.
100444
-221302 (base 5) to base 8
-17026
Convert 3645 (base 8) to base 3.
2200111
10006 (base 10) to base 13
4729
What is -511e (base 15) in base 14?
-6357
Convert 123314 (base 5) to base 11.
36a5
114345 (base 6) to base 4
2131121
What is -241421 (base 7) in base 6?
-534352
-5575 (base 8) to base 7
-11401
What is -1b9 (base 12) in base 7?
-555
Convert -10030 (base 6) to base 13.
-7a1
-54245 (base 9) to base 6
-434152
3332 (base 4) to base 14
142
What is -34250 (base 7) in base 8?
-21004
-100101 (base 2) to base 14
-29
What is -1000001111101 (base 2) in base 15?
-13b6
What is 50 (base 11) in base 7?
106
-e2 (base 16) to base 2
-11100010
a55 (base 11) to base 6
5514
Convert 45468 (base 9) to base 13.
10a1b
-e897 (base 15) to base 14
-13cda
428 (base 9) to base 8
536
Convert 1a72 (base 14) to base 9.
6527
What is -1199 (base 11) in base 13?
-930
Convert 15ba8 (base 15) to base 10.
70133
Convert 13115 (base 6) to base 14.
a23
What is -595 (base 16) in base 13?
-85c
507 (base 9) to base 7
1126
-849 (base 13) to base 10
-1413
2025 (base 6) to base 4
13001
What is 1086 (base 11) in base 12?
9a9
Convert -16 (base 7) to base 11.
-12
4450 (base 6) to base 4
100032
What is 10010011001 (base 2) in base 7?
3301
What is -623 (base 15) in base 2?
-10101100111
-36 (base 8) to base 3
-1010
Convert -2155 (base 14) to base 3.
-21220022
Convert 110110000100001 (base 2) to base 14.
a133
What is e0 (base 16) in base 5?
1344
10120200 (base 3) to base 15
b90
1a4 (base 14) to base 8
524
What is -456 (base 7) in base 2?
-11101101
What is -abce (base 15) in base 11?
-253a9
Convert 2ba9 (base 15) to base 11.
7061
Convert 6a3 (base 12) to base 3.
1100120
What is 22120 (base 3) in base 8?
347
Convert 222012001 (base 3) to base 12.
b06a
Convert 1011120201 (base 3) to base 6.
254331
Convert -11011 (base 4) to base 14.
-193
Convert -767 (base 14) to base 8.
-2667
What is 74143 (base 9) in base 7?
262515
14a (base 16) to base 11
280
d5 (base 15) to base 10
200
Convert -15a (base 11) to base 7.
-354
Convert 17a62 (base 13) to base 16.
b28e
Convert -5544 (base 8) to base 12.
-1830
Convert -50510 (base 6) to base 5.
-203131
Convert -1000001220 (base 3) to base 16.
-4d16
What is -202111 (base 4) in base 12?
-1331
Convert 100100000101 (base 2) to base 5.
33214
Convert 116251 (base 7) to base 3.
1002100121
What is 132545 (base 6) in base 4?
3000101
-1606 (base 10) to base 11
-1230
-1a74 (base 12) to base 15
-e71
What is 31 (base 15) in base 6?
114
What is 24136 (base 8) in base 2?
10100001011110
-1120000 (base 4) to base 6
-42024
Convert -47654 (base 10) to base 8.
-135046
What is -1ab6 (base 12) in base 13?
-1674
What is -4a15 (base 11) in base 6?
-50154
Convert 623 (base 9) to base 7.
1323
What is 21011 (base 7) in base 11?
3965
Convert -11326 (base 8) to base 4.
-1023112
What is 153433 (base 7) in base 9?
45211
Convert 2357 (base 11) to base 8.
6017
Convert -146 (base 7) to base 8.
-123
Convert -16577 (base 10) to base 13.
-7712
-349 (base 10) to base 15
-184
What is -2834 (base 11) in base 7?
-13456
What is 360 (base 14) in base 7?
1650
Convert 83e7 (base 15) to base 13.
c907
Convert -173656 (base 8) to base 4.
-33132232
Convert -1052 (base 16) to base 5.
-113203
What is -263 (base 13) in base 7?
-1136
-a8 (base 16) to base 3
-20020
Convert -4831 (base 16) to base 4.
-10200301
-57317 (base 10) to base 6
-1121205
304 (base 13) to base 2
111111111
What is 2000110100 (base 3) in base 15?
bb69
What is a3cb (base 16) in base 9?
63460
-243052 (base 6) to base 12
-10488
What is 2ad7 (base 14) in base 4?
1313111
Convert -12313 (base 4) to base 11.
-36a
Convert 433 (base 7) to base 10.
220
-8340 (base 12) to base 15
-4389
Convert -a2e (base 16) to base 3.
-10120112
Convert -106 (base 12) to base 7.
-303
Convert -1e4b (base 16) to base 13.
-36b7
Convert 8133 (base 10) to base 16.
1fc5
-2030031 (base 4) to base 2
-10001100001101
What is 56 (base 10) in base 16?
38
What is -110001101010001 (base 2) in base 16?
-6351
Convert 3154 (base 7) to base 9.
1471
1360 (base 12) to base 4
202320
What is -c1a (base 15) in base 13?
-1318
Convert 22 (base 16) to base 12.
2a
Convert 1025 (base 8) to base 15.
258
-2a07 (base 13) to base 14
-2311
Convert b081 (base 15) to base 4.
21011332
Convert 276 (base 15) to base 9.
683
-2223 (base 5) to base 4
-10321
What is 326 (base 8) in base 16?
d6
5718 (base 9) to base 7
15221
43a (base 11) to base 2
1000001111
What is 421550 (base 6) in base 5?
2042442
What is -1200000 (base 3) in base 2?
-10010111111
What is -1310122 (base 4) in base 8?
-16432
Convert -20052 (base 7) to base 9.
-6566
What is 1282 (base 11) in base 8?
3177
-10 (base 6) to base 10
-6
Convert -4210 (base 11) to base 10.
-5577
What is 5147 (base 13) in base 7?
44456
Convert -1522 (base 7) to base 6.
-2444
-211010 (base 3) to base 16
-255
-1101000000 (base 2) to base 14
-436
Convert 1012222 (base 4) to base 2.
1000110101010
-fd (base 16) to base 4
-3331
Convert 16362 (base 7) to base 15.
15a0
-271 (base 14) to base 8
-753
Convert 195a (base 15) to base 16.
156d
Convert 6366 (base 16) to base 6.
313450
Convert -3420204 (base 5) to base 12.
-2b147
-41303 (base 6) to base 10
-5511
-4421 (base 6) to base 11
-849
Convert -13011 (base 5) to base 15.
-471
23113 (base 5) to base 12
b62
Convert -42a (base 15) to base 11.
-785
bcb5 (base 15) to base 16
9c3b
c7 (base 15) to base 13
115
-235 (base 7) to base 6
-324
Convert -345 (base 6) to base 11.
-115
What is 647 (base 9) in base 7?
1354
-2435 (base 7) to base 3
-1020122
-1206 (base 7) to base 8
-677
What is 405 (base 15) in base 16?
389
181 (base 15) to base 12
24a
What is 55 (base 6) in base 14?
27
2bab (base 12) to base 4
1100303
What is -1669 (base 12) in base 13?
-12a8
What is -41a (base 14) in base 8?
-1450
What is -1000001110100 (base 2) in base 16?
-1074
What is 8370 (base 13) in base 15?
55b9
Convert 8586 (base 11) to base 4.
2301103
Convert -1199 (base 13) to base 11.
-1966
What is -21010 (base 4) in base 10?
-580
456 (base 7) to base 8
355
What is -79 (base 16) in base 6?
-321
What is -510 (base 7) in base 16?
-fc
Convert -19 (base 15) to base 13.
-1b
Convert -13280 (base 13) to base 3.
-1210211022
-20800 (base 9) to base 7
-55101
Convert -1211332 (base 4) to base 7.
-25012
Convert 152a (base 14) to base 7.
13653
Convert -793 (base 10) to base 15.
-37d
Convert -4ed6 (base 15) to base 6.
-210003
What is -12102321 (base 4) in base 16?
-64b9
What is -222 (base 8) in base 12?
-102
-280 (base 13) to base 15
-1e7
-2142231 (base 5) to base 16
-9147
-12899 (base 11) to base 6
-221031
-1000000111111 (base 2) to base 10
-4159
-4517 (base 14) to base 9
-17377
What is 20432 (base 5) in base 6?
10155
What is -a42b (base 12) in base 9?
-26478
Convert 10325 (base 11) to base 3.
202121201
What is 1435 (base 12) in base 2?
100100101001
22112 (base 3) to base 2
11100110
Convert -133 (base 6) to base 8.
-71
353 (base 6) to base 8
215
-4a1 (base 12) to base 15
-317
What is -51357 (base 8) in base 12?
-10353
What is -1335 (base 7) in base 16?
-204
19156 (base 13) to base 7
261421
Convert 11111100100010 (base 2) to base 7.
65056
What is 69 (base 10) in base 15?
49
-23a7 (base 11) to base 16
-c46
-2531 (base 7) to base 14
-4c1
Convert 247 (base 11) to base 14.
16d
Convert -698 (base 13) to base 9.
-1505
Convert -17c90 (base 14) to base 9.
-101400
What is 5